 + 3. Determine q(0).
3
Let u(k) = 4*k - 26. What is u(6)?
-2
Let i(s) = -2*s + 25. What is i(13)?
-1
Let v(m) = -m**3 + 8*m**2 - 11*m + 30. Give v(7).
2
Let k(z) = -z**3 + 7*z**2 + 9*z. What is k(8)?
8
Let z(o) = 2*o**3 - o**2 + o. What is z(2)?
14
Let x(t) = 14*t + 32. Give x(-2).
4
Let k(n) = 6*n**2 + 77*n - 14. Determine k(-13).
-1
Let w(y) = -5*y + 53. What is w(11)?
-2
Let u(t) = t - 7. Calculate u(-6).
-13
Let b(x) = 19*x - 95. Give b(5).
0
Let u(y) = 10*y + 9. Calculate u(-6).
-51
Let p(m) = m**2 + 13*m + 3. What is p(-5)?
-37
Let t(x) = 4*x - 17. What is t(0)?
-17
Let y(h) = -3*h**3 + 3*h**2. Calculate y(2).
-12
Let f(w) = 7*w - 15. Calculate f(6).
27
Let o(u) = -23*u**2 + 181*u + 10. What is o(8)?
-14
Let w(h) = h**3 - 5*h**2 - 20*h + 46. Determine w(5).
-54
Let l(t) = -t**2 - 5*t + 5. What is l(-6)?
-1
Let v(f) = f**3 + 8*f**2 + 15*f + 15. Determine v(-6).
-3
Let v(n) = -n**2 - 11*n - 19. Determine v(-8).
5
Let y(l) = -3*l + 5. Calculate y(-5).
20
Let h(o) = o**3 - 5*o**2 - 14*o - 14. Determine h(7).
-14
Let b(g) = 16*g - 175. Calculate b(12).
17
Let b(j) = -j - 4. What is b(-23)?
19
Let l(b) = b**2 - 15*b - 11. Calculate l(17).
23
Let v(y) = -y - 21. Determine v(-7).
-14
Let j(k) = k - 1. Determine j(7).
6
Let v(x) = -5*x + 37. What is v(9)?
-8
Let w(r) = 2*r**3 + r**2 - r - 3. Give w(-3).
-45
Let h(q) = -2*q**2 + 40*q - 13. Calculate h(19).
25
Let n(c) = -2*c**3 - 2*c. Calculate n(-2).
20
Let c(u) = -u**3 + 7*u**2 - 10*u + 29. Calculate c(5).
29
Let y(g) = 22*g - 1. Determine y(1).
21
Let u(w) = -39*w**3 - w**2 - w - 1. Give u(-1).
38
Let b(s) = 15*s - 33. Determine b(0).
-33
Let d(x) = 4*x. What is d(3)?
12
Let j(u) = u**3 - 4*u**2 + 7*u - 5. What is j(4)?
23
Let l(z) = 4*z - 21. What is l(6)?
3
Let l(f) = 4*f - 10. Calculate l(7).
18
Let m(s) = s**3 + 7*s**2 + 3*s - 10. Give m(-7).
-31
Let v(c) = c**3 + 5*c**2 - 9*c - 7. Determine v(-6).
11
Let v(a) = -a**3 + 22*a**2 - 59*a + 34. Calculate v(19).
-4
Let w(u) = -2*u**2 + 56*u + 10. Calculate w(29).
-48
Let j(v) = -6*v. Determine j(-1).
6
Let w(o) = -3*o - 5. Calculate w(0).
-5
Let r(v) = v**2 + 17*v - 22. Give r(-18).
-4
Let p(b) = 2*b**3 + 10*b**2 + 3*b - 17. Give p(-5).
-32
Let a(x) = -36*x - 1. Calculate a(6).
-217
Let t(d) = 18*d + 399. Calculate t(-22).
3
Let z(k) = -k - 3. Determine z(-3).
0
Let b(c) = -25*c + 156. Give b(10).
-94
Let s(j) = j**3 + 14*j**2 + 3*j + 1. Determine s(-14).
-41
Let b(d) = 4*d**2 + 2*d - 3. What is b(-3)?
27
Let t(s) = -s**2 + 4*s + 14. Give t(7).
-7
Let t(k) = 6*k - 28. Give t(4).
-4
Let r(c) = -c**3 - 4*c**2 - 4*c - 5. Determine r(-4).
11
Let v(b) = 4*b - 1. Determine v(-4).
-17
Let j(l) = l**2 - 6*l + 12. Calculate j(4).
4
Let q(u) = -4*u**2 - 17*u + 11. Calculate q(-6).
-31
Let m(h) = h**2 + 15*h - 10. Give m(-16).
6
Let s(q) = -q**3 - 7*q**2 + 2*q + 8. Calculate s(-7).
-6
Let l(a) = -a**3 + 17*a**2 + 4*a - 42. Give l(17).
26
Let h(t) = -9*t**2 + 4*t - 13. Give h(2).
-41
Let z(w) = -w**2 + 5*w + 14. Calculate z(10).
-36
Let q(s) = 15*s**2 + 2*s + 1. What is q(-1)?
14
Let b(g) = -75*g**3 - g**2 - 3*g + 3. Determine b(1).
-76
Let a(y) = 2*y**2 + 78*y + 328. What is a(-5)?
-12
Let k(x) = 19*x**2 + 108*x - 36. Give k(-6).
0
Let g(k) = 20*k**2 + 160*k - 4. Calculate g(-8).
-4
Let q(d) = -2*d + 62. Determine q(24).
14
Let q(w) = -12*w + 50. Give q(4).
2
Let g(l) = -l**3 + 7*l**2 + 19*l - 7. Give g(9).
2
Let v(r) = -r**3 - 12*r**2 + 11*r - 20. Give v(-13).
6
Let q(g) = g**2 + 8*g - 11. Calculate q(-9).
-2
Let m(g) = -g**3 - 4*g**2 + 4*g + 5. Give m(-4).
-11
Let r(g) = 7*g**2 - 3*g. Determine r(1).
4
Let u(s) = -s**3 - 4*s**2 + 7*s + 12. Calculate u(-5).
2
Let c(g) = 2*g**2 - 45*g - 19. What is c(22)?
-41
Let c(n) = 9*n - 47. Calculate c(-16).
-191
Let x(j) = -21*j - 316. Calculate x(-15).
-1
Let u(v) = -v**3 + 22*v**2 - 84*v - 37. Determine u(17).
-20
Let u(a) = a**2 + 24. Give u(0).
24
Let z(c) = -3*c - 97. Give z(-17).
-46
Let g(h) = 2*h**3 - 17*h**2 + 11*h - 17. Determine g(8).
7
Let r(y) = 5*y**2 + y - 6. Give r(5).
124
Let d(o) = -o**3 - 9*o**2 + 9*o + 1. Determine d(-10).
11
Let k(q) = -5*q**3 - q + 1. Calculate k(2).
-41
Let b(z) = z + 5. Give b(0).
5
Let z(o) = -o**2 + o + 2. What is z(6)?
-28
Let v(p) = p**2 - 13*p + 25. What is v(8)?
-15
Let u(c) = c**3 - 5*c**2 - 24*c - 10. Give u(8).
-10
Let x(g) = -5*g**2 + 22*g + 22. Give x(6).
-26
Let h(o) = -o**2 + 7*o - 20. Calculate h(5).
-10
Let p(r) = -13*r**3 + 2*r**2 - r. Calculate p(1).
-12
Let r(s) = -8*s + 13. Calculate r(8).
-51
Let j(s) = -s**3 + 25*s**2 + 28*s + 37. Determine j(26).
89
Let z(b) = -b**3 - 31*b**2 - 29*b + 19. Determine z(-30).
-11
Let k(l) = -13*l - 389. Give k(-30).
1
Let i(a) = a - 6. Give i(9).
3
Let l(x) = -x**3 - 7*x**2 - 3*x - 17. Determine l(-7).
4
Let f(k) = 8*k**2 - k - 2. Calculate f(-1).
7
Let m(h) = h**3 + 12*h**2 - 11*h + 10. Give m(-13).
-16
Let i(r) = r**2 - 17*r - 137. Calculate i(23).
1
Let g(o) = o**3 - 13*o**2 + 12*o + 3. What is g(12)?
3
Let f(i) = -11*i + 14. What is f(3)?
-19
Let o(z) = z**3 - 16*z**2 + 27*z + 12. Give o(14).
-2
Let k(m) = -2*m + 9. Calculate k(12).
-15
Let q(h) = h**3 - h**2 - h - 1. What is q(0)?
-1
Let n(a) = a**2 + 9*a - 12. What is n(-10)?
-2
Let s(v) = v + 42. Give s(-10).
32
Let m(f) = -f**2 - 12*f - 35. What is m(-7)?
0
Let p(c) = -c**2 - 11*c + 1. What is p(-10)?
11
Let y(x) = -x**3 - 12*x**2 - 12*x + 3. Give y(-11).
14
Let j(t) = t**3 - 3*t - 3. What is j(-2)?
-5
Let y(w) = 9*w**2 + 6*w + 4. Calculate y(4).
172
Let r(m) = m**2 - 13*m + 42. Calculate r(12).
30
Let g(u) = -u**3 - 18*u**2 + 42*u + 28. Calculate g(-20).
-12
Let k(z) = -68*z + 4. What is k(2)?
-132
Let f(n) = -4*n**2 - 4*n + 1. Calculate f(1).
-7
Let r(v) = v**3 - 13*v**2 - 29*v - 7. Determine r(15).
8
Let s(b) = 4*b - 9. Calculate s(8).
23
Let o(p) = -p**2 + 3*p + 12. Calculate o(6).
-6
Let m(c) = c**2 - 66*c. Calculate m(0).
0
Let u(t) = -t**2 + 12*t + 16. What is u(14)?
-12
Let f(d) = d**3 + 30*d**2 - 28*d + 79. Determine f(-31).
-14
Let g(p) = -15*p**2 - 268*p + 35. Determine g(-18).
-1
Let x(v) = 23*v + 235. Give x(-10).
5
Let d(c) = -16*c**3 - c**2 - c - 1. Determine d(-1).
15
Let l(f) = -5*f. Determine l(-3).
15
Let o(c) = -6*c + 57. Determine o(17).
-45
Let i(h) = -h**3 + 6*h**2 + 3. Determine i(6).
3
Let j(r) = -3*r**2 + 9*r - 3. What is j(2)?
3
Let z(f) = -f - 73. Give z(-39).
-34
Let p(q) = q**2 - 42*q + 373. Determine p(12).
13
Let b(v) = 5*v**3 - v**2 + v - 3. Determine b(2).
35
Let u(r) = r**3 - 19*r**2 + r + 4. What is u(19)?
23
Let q(f) = f**2 + 4*f + 2. Calculate q(-3).
-1
Let y(i) = -2*i**2 + 6*i - 6. Calculate y(0).
-6
Let m(y) = y**2 - 54*y + 198. Determine m(50).
-2
Let n(u) = -u**3 + u**2 + u + 18. Calculate n(0).
18
Let n(f) = -3*f + 24. Determine n(9).
-3
Let k(f) = 2*f**2 - f + 1. Calculate k(3).
16
Let z(f) = -6*f + 8. Determine z(-2).
20
Let m(f) = f**3 - 19*f**2 + 17*f + 1. Determine m(18).
-17
Let o(y) = -y**3 - 35*y**2 + 38*y + 84. Determine o(-36).
12
Let a(l) = -l**3 - 7*l**2 - l + 4. What is a(-7)?
11
Let x(m) = -m**3 - 6*m**2 + 5*m + 3. Determine x(-7).
17
Let t(z) = -7*z + 67. What is t(6)?
25
Let b(c) = 8*c**2 + 249*c + 34. What is b(-31)?
3
Let t(y) = 30*y**3 + 2*y - 2. What is t(1)?
30
Let g(f) = -3*f - 2. What is g(-2)?
4
Let r(q) = 201*q - 1411. Determine r(7).
-4
Let o(a) = -9*a**2 + 56*a - 6. Determine o(7).
-55
Let l(p) = 2*p + 11. Determine l(-6).
-1
Let d(j) = 10*j**3 - 2*j**2 - 2*j - 1. Determine d(-1).
-11
Let p(y) = y + 10. Give p(0).
10
Let d(o) = -3*o + 5. What is d(5)?
-10
Let s(p) = -p**3 + 11*p**2 - 2*p + 16. Give s(11).
-6
Let d(b) = b**2 - b - 23. Give d(6).
7
Let a(x) = -6*x + 1. Calculate a(6).
-35
Let q(j) = 25*j - 2. What is q(1)?
23
Let r(b) = b + 17. What is r(-10)?
7
Let m(n) = 25*n**2 - n. Give m(-1).
26
Let k(g) = -5*g**2 - g + 39. Calculate k(0).
39
Let k(s) = 44*s + 1. Calculate k(-1).
-43
Let h(u) = -u**2 - 9*u + 12. Give h(-11).
-10
Let b(l) = -l**2 + 8*l - 3. Give b(6).
9
Let r(d) = -d**2 + 7*d + 7. Calculate r(8).
-1
Let m(z) = -z + 6. What is m(-4)?
10
Let s(u) = 11*u + 8. Give s(0).
8
Let w(g) = 6*g - 14. Calculate w(5).
16
Let n(l) = 2*l**2 + 36*l + 13. Determine n(-7).
-141
Let n(z) = 2*z - 16. Determine n(9).
2
Let f(j) = 5*j - 10. What is f(5)?
15
Let a(k) = 75*k + 1430. Calculate a(-